igit of 119489149?
1
What is the hundred millions digit of 452797890?
4
What is the thousands digit of 243924363?
4
What is the millions digit of 61751748?
1
What is the hundred thousands digit of 1885935791?
9
What is the units digit of 325094555?
5
What is the ten thousands digit of 271902473?
0
What is the hundred thousands digit of 190077849?
0
What is the millions digit of 127447093?
7
What is the thousands digit of 48467109?
7
What is the hundred millions digit of 2437013330?
4
What is the thousands digit of 41535846?
5
What is the ten millions digit of 57492339?
5
What is the tens digit of 148173981?
8
What is the thousands digit of 385616219?
6
What is the units digit of 131614911?
1
What is the thousands digit of 273716103?
6
What is the units digit of 104901559?
9
What is the ten thousands digit of 187847400?
4
What is the ten thousands digit of 3980437?
8
What is the ten thousands digit of 83784573?
8
What is the hundred thousands digit of 37793564?
7
What is the tens digit of 51688515?
1
What is the millions digit of 80087304?
0
What is the ten millions digit of 967287087?
6
What is the units digit of 141910435?
5
What is the hundreds digit of 518726633?
6
What is the thousands digit of 3149764702?
4
What is the hundreds digit of 125183090?
0
What is the hundred thousands digit of 445069755?
0
What is the thousands digit of 369165435?
5
What is the billions digit of 2106930865?
2
What is the tens digit of 2183278?
7
What is the ten thousands digit of 94283207?
8
What is the hundred thousands digit of 95859282?
8
What is the units digit of 3530951132?
2
What is the ten millions digit of 2465097736?
6
What is the hundreds digit of 28936703?
7
What is the units digit of 86487462?
2
What is the hundred millions digit of 839248304?
8
What is the hundred thousands digit of 1472902494?
9
What is the thousands digit of 488308315?
8
What is the ten thousands digit of 3606913697?
1
What is the ten thousands digit of 4005355345?
5
What is the ten millions digit of 1763532366?
6
What is the billions digit of 1569495694?
1
What is the hundreds digit of 1436475136?
1
What is the tens digit of 54203407?
0
What is the millions digit of 42152219?
2
What is the thousands digit of 28569159?
9
What is the hundred thousands digit of 669661205?
6
What is the ten millions digit of 212926734?
1
What is the millions digit of 99648265?
9
What is the hundred thousands digit of 368428846?
4
What is the ten thousands digit of 10548810?
4
What is the units digit of 40481862?
2
What is the hundred thousands digit of 7061775?
0
What is the ten thousands digit of 570362389?
6
What is the ten thousands digit of 210511651?
1
What is the hundred thousands digit of 45772872?
7
What is the ten millions digit of 387083375?
8
What is the units digit of 59853240?
0
What is the hundred millions digit of 3332213356?
3
What is the billions digit of 1014466916?
1
What is the thousands digit of 77572577?
2
What is the hundred thousands digit of 328614489?
6
What is the ten millions digit of 752460027?
5
What is the hundred thousands digit of 961516642?
5
What is the units digit of 59666242?
2
What is the millions digit of 71704340?
1
What is the millions digit of 110763952?
0
What is the tens digit of 74287899?
9
What is the units digit of 44062402?
2
What is the ten thousands digit of 1128255443?
5
What is the hundred millions digit of 546090396?
5
What is the thousands digit of 52601607?
1
What is the millions digit of 46261604?
6
What is the tens digit of 1963045?
4
What is the tens digit of 97589193?
9
What is the units digit of 487027576?
6
What is the tens digit of 470056469?
6
What is the hundred thousands digit of 71386427?
3
What is the units digit of 867945854?
4
What is the tens digit of 6576721?
2
What is the ten thousands digit of 537666270?
6
What is the hundred thousands digit of 13434995?
4
What is the units digit of 6134361645?
5
What is the ten millions digit of 21523255?
2
What is the millions digit of 73074723?
3
What is the millions digit of 2955914?
2
What is the ten millions digit of 784412536?
8
What is the millions digit of 1873643?
1
What is the units digit of 844006555?
5
What is the units digit of 16973826?
6
What is the thousands digit of 260041309?
1
What is the hundred thousands digit of 5005774?
0
What is the hundred thousands digit of 1444656487?
6
What is the hundreds digit of 163229484?
4
What is the hundred millions digit of 1388698119?
3
What is the ten thousands digit of 22536829?
3
What is the ten thousands digit of 667170670?
7
What is the thousands digit of 36268772?
8
What is the hundred thousands digit of 41429382?
4
What is the units digit of 1323433393?
3
What is the hundred thousands digit of 1971438?
9
What is the ten thousands digit of 74563917?
6
What is the hundred thousands digit of 231326906?
3
What is the tens digit of 12568198?
9
What is the hundreds digit of 448958244?
2
What is the thousands digit of 42658855?
8
What is the millions digit of 10670832?
0
What is the ten thousands digit of 11528213?
2
What is the ten millions digit of 379079219?
7
What is the thousands digit of 28870503?
0
What is the units digit of 206788996?
6
What is the hundreds digit of 264421837?
8
What is the millions digit of 639775587?
9
What is the thousands digit of 477712691?
2
What is the ten millions digit of 53700001?
5
What is the hundreds digit of 412940941?
9
What is the hundreds digit of 69539629?
6
What is the ten millions digit of 23492960?
2
What is the billions digit of 6187948475?
6
What is the hundreds digit of 204021202?
2
What is the ten millions digit of 29034846?
2
What is the hundred thousands digit of 19925181?
9
What is the hundred millions digit of 265209168?
2
What is the ten thousands digit of 55723002?
2
What is the tens digit of 198849137?
3
What is the billions digit of 3819904273?
3
What is the hundreds digit of 194045868?
8
What is the hundred millions digit of 188502214?
1
What is the units digit of 22252513?
3
What is the ten millions digit of 1843439408?
4
What is the hundred thousands digit of 268899884?
8
What is the hundred thousands digit of 55116038?
1
What is the millions digit of 632279524?
2
What is the hundreds digit of 676565979?
9
What is the units digit of 74630185?
5
What is the millions digit of 560303102?
0
What is the tens digit of 7673381?
8
What is the tens digit of 24195937?
3
What is the ten thousands digit of 6138219?
3
What is the ten millions digit of 35625046?
3
What is the millions digit of 96903988?
6
What is the hundred thousands digit of 184515309?
5
What is the hundred thousands digit of 3076270825?
2
What is the billions digit of 2504562212?
2
What is the units digit of 450990443?
3
What is the hundred thousands digit of 166455609?
4
What is the millions digit of 108401003?
8
What is the tens digit of 610694?
9
What is the ten thousands digit of 87604253?
0
What is the hundred thousands digit of 200471194?
4
What is the ten millions digit of 1526260592?
2
What is the hundred millions digit of 519339076?
5
What is the tens digit of 3682968?
6
What is the billions digit of 5590967233?
5
What is the units digit of 2900997587?
7
What is the tens digit of 787020814?
1
What is the ten millions digit of 113896980?
1
What is the billions digit of 2032885979?
2
What is the ten millions digit of 104689487?
0
What is the hundreds digit of 30208376?
3
What is the thousands digit of 1558170877?
0
What is the units digit of 873540961?
1
What is the ten thousands digit of 39832353?
3
What is the hundred thousands digit of 443257788?
2
What is the ten millions digit of 138537083?
3
What is the tens digit of 34713153?
5
What is the hundred millions digit of 1296954901?
2
What is the hundreds digit of 20283067?
0
What is the units digit of 80512816?
6
What is the tens digit of 2738931158?
5
What is the millions digit of 23341611?
3
What is the ten thousands digit of 3996567610?
6
What is the ten thousands digit of 313104691?
0
What is the hundreds digit of 73567492?
4
What is the tens digit of 5350506?
0
What is the hundreds digit of 32229392?
3
What is the hundred thousands digit of 67044349?
0
What is the ten millions digit of 268190935?
6
What is the hundred thousands digit of 53119514?
1
What i